h. Is h a prime number?
False
Let g(y) = -y**2 - 4*y. Suppose 2*z - 3*z + 7 = -3*m, 4*m = 4*z - 4. Let j be g(z). Is 276 - (-1 - j) - 6/2 a composite number?
True
Suppose 44950 = 4*b - q, -8*b - 28*q + 25*q + 89930 = 0. Is b a composite number?
False
Suppose 45*f = 1340 - 485. Suppose f*b = 17*b + 3854. Is b a composite number?
True
Suppose m = 61*m - 28109820. Is m prime?
False
Suppose 35*i = -54*i - 18*i + 14009189. Is i a composite number?
False
Suppose -121*n + 7328206 + 444424 + 19305476 = 0. Is n composite?
True
Let j be 2 - (2 - -3) - 3. Let t be 4*1/j*-3. Let r(u) = 4*u**2 + 2*u + 1. Is r(t) a prime number?
False
Let t(n) = 5589*n**2 + 91*n + 377. Is t(-4) a prime number?
False
Let m(a) = -31*a**2 - 10*a + 27. Let v be m(15). Let r be v/(-13) - 2*-1. Let o = r - 181. Is o prime?
True
Let p(b) = -b**2 - 14*b - 3. Let x be p(-15). Let h be (-76)/x + (-48)/216. Suppose h*y - 189 - 1383 = 0. Is y composite?
True
Is (-217982)/7*252/(-24) composite?
True
Suppose -94*c + 8 = -92*c. Suppose 0 = c*x + 3*x - 20489. Is x a prime number?
True
Let a = 563 + -560. Is 1942/(-12)*-21*(a - 1) prime?
False
Let o(p) = 744*p - 56. Let k be o(-4). Let t = k - -14686. Is t a composite number?
True
Let u(i) be the second derivative of -i**5/2 + 5*i**4/6 - i**3/2 + 8*i**2 + 121*i. Is u(-9) composite?
True
Let d(c) = c**2 - 7*c + 10. Let z be d(6). Suppose h + 5*a - 9 = 0, 3*a - 16 = -z*h + 3. Suppose -h*t = -t - 291. Is t prime?
True
Suppose -2*g - 3*u - 11 = 0, 4*g + 2*u + 19 - 1 = 0. Suppose -5*h = s - 175, -h - 3*h = s - 140. Is 22235/h + g/14 a composite number?
True
Suppose -5 = 90*k - 85*k. Is 404/(-2 + 99/48) + k a prime number?
False
Suppose -481 = -13*h + 9490. Is h prime?
False
Let f(i) be the second derivative of -i**3/3 + 15*i**2/2 + 25*i. Let y be f(6). Is (-2)/(-4)*-3*(-446)/y a prime number?
True
Let t(y) = y**2 + 15*y + 44. Let g be t(-11). Let q(z) = 15*z**3 - 5*z**2 - 4*z. Let l be q(-3). Is 6 - (-63)/(-9) - (g + l) a composite number?
True
Suppose -o - 144 = 5*j, -2*j = -3*o - 43 - 321. Let y = o - -201. Is y a composite number?
True
Suppose 121*t - 644019 - 1240919 = 0. Is t a composite number?
True
Suppose -8*w = 3*w + 55198. Let g = 7989 + w. Suppose 11*a = g - 12. Is a a prime number?
True
Let t(u) = -u**3 - 19*u**2 + 21*u + 5. Let w(a) = -7*a - 16. Let r be w(-4). Suppose 0 = -k - 9 - r. Is t(k) composite?
True
Suppose y = -3*n - 2*n - 18, 0 = y - 5*n + 38. Let p be y/(-7 - -3) - (-2 + 5). Is (2 + (-1202)/p)*(-6 - -4) a composite number?
True
Let n(a) = 41*a**2 + 19*a - 21. Let m be n(7). Let x = -1480 + m. Is x a prime number?
True
Is -17 - 1633395/(-30) - (-1)/2*-5 prime?
False
Let d = 6805 + -3065. Suppose 0*f = -4*f - d. Let r = -450 - f. Is r a prime number?
False
Let q(n) = -10789*n + 188. Is q(-5) a prime number?
True
Let u = -327748 - -478707. Is u a composite number?
False
Let p(i) = 2*i + 5. Let y be p(-1). Suppose -971 = -y*l + 4000. Is l a composite number?
False
Suppose -3375 = 45*w - 9180. Suppose 114*p = w*p - 120315. Is p composite?
True
Let j(a) = 4*a**2 - a - 95. Let p(y) = 9*y**2 - 3*y - 190. Let w(x) = 5*j(x) - 2*p(x). Let b be w(0). Let n = 396 - b. Is n prime?
True
Let w(t) = 5*t**3 - 11*t**2 + 2*t + 12. Let s be w(9). Let a = s + -1977. Is a prime?
False
Let k(d) = d**2 + 7*d - 11. Let y be k(-9). Suppose w = y*w - 7800. Let j = w + -727. Is j a composite number?
True
Suppose 3*k = -11 - 1. Let b(a) = a + 6. Let m be b(k). Suppose -4*d + 9*d - 1071 = -4*t, -m*t + 1063 = 5*d. Is d a composite number?
False
Suppose 4*y = 3*p - 5*p + 58, -2*y + 17 = 5*p. Let b = y - 11. Suppose 0 = -2*t - b*o + 367, -t + 2*o = 6*o - 179. Is t composite?
False
Suppose -2*w + 2*t = 4*t - 23806, 2*t - 59500 = -5*w. Suppose w = 2*p - 0*p - 2*c, 5*p + 3*c - 29761 = 0. Is p prime?
False
Let l(f) = -f**2 + 18*f - 51. Let i be l(14). Suppose i*s - 44146 = -8331. Let k = -4632 + s. Is k a composite number?
False
Let k be 3/39 + 9/(-117). Suppose k = 3*a - 4*s - 11969, 2*a - 19951 = -3*a + 4*s. Is a composite?
True
Suppose 14*d = 36*d - 5148. Suppose 237*m = d*m + 4791. Is m prime?
True
Suppose 0 = g - 11049 - 1083. Suppose -3*h + 12652 = k - 5545, 2*h + k = g. Is h composite?
True
Let t = -112674 - -255073. Is t a prime number?
False
Let n = -38 - -66. Let r(m) = -6*m + n*m - 25 + 3*m + 17*m. Is r(13) a prime number?
True
Let j be (-1129100)/(-49) + (-1)/(-7). Suppose -31*y = -28*y - j. Is y prime?
True
Let o(h) = -3264*h + 43. Is o(-4) a composite number?
False
Let i = 4314 - -11127. Is i prime?
False
Suppose -2*q - 29079 = -c + 12070, -5*c + 205811 = q. Is c a prime number?
True
Suppose 0 = -3*y + 238 + 53. Let q = -92 + y. Suppose 0 = -10*o + q*o + 1735. Is o composite?
False
Let u(m) = 9*m**2 + 162*m + 1286. Is u(77) a composite number?
False
Suppose 5*j - 2*x = 9, x - 6 = -5*j + 4*j. Suppose -r + n + 1020 + 114 = 0, -2*r + 2273 = j*n. Is r a prime number?
False
Let l(h) = -3972*h + 1573. Is l(-43) a composite number?
True
Is (10/15*-3)/((-18)/281763) a prime number?
True
Suppose -4*w - 171896 = -3*s - s, -5*w + 15 = 0. Suppose -z + 12*z - s = 0. Is z a composite number?
False
Let n(r) = r**3 + 4*r**2 - 7*r - 8. Let m be n(-5). Let u be 2*(-1892)/16*-1*m. Suppose 132 = 5*a - u. Is a a prime number?
False
Is 18853 - 7 - (-10 - 3) a composite number?
False
Let r be -6 - (12/5)/((-21)/(-560)). Suppose -3*l = 2*l + 12935. Is l/(-5) - (-28)/r a prime number?
False
Let t = 283386 + -104437. Is t composite?
True
Suppose -335*b = -55*b + 94*b - 63863866. Is b composite?
False
Let c be 3728 + (-18)/(-21)*7. Is -12 - -18 - (1 - c) a composite number?
False
Suppose 47*k = -36*k + 46*k + 23767283. Is k a composite number?
False
Let d(y) = -2*y - 31. Let p be d(-6). Let h(o) be the third derivative of o**5/60 - o**4/12 - 2*o**3/3 - 18*o**2 - 2. Is h(p) a prime number?
False
Let v = -536 - 629. Is 4 + 5/((-25)/v)*9 a prime number?
False
Let f(s) = 591*s**2 + 2*s - 1. Suppose 154*z = 157*z + 6. Is f(z) a prime number?
False
Suppose 2*n - 4*d = 3386, 3*n - 3*d - 2401 - 2702 = 0. Is n composite?
False
Suppose -5*a + 6 - 3 = q, -a + 6 = 2*q. Is (q - 1) + (1 + 1152 - -4) composite?
True
Let v = 157 + -133. Let s = v - 8. Is 123*19 - -3*s/(-12) a composite number?
False
Let u(j) = -710*j - 3. Let v be u(2). Suppose -d = -5*d - 3528. Let t = d - v. Is t prime?
True
Is 382560*(-14)/(-21) + 3 a prime number?
True
Let j(k) = 2460*k**2 - 27*k + 100. Is j(7) a composite number?
True
Let d = -459 + 767. Suppose 658 + d = 14*u. Is 113913/u - (-6)/69 composite?
True
Let y be (36/(-27))/(3/(-36)). Is (-4)/y - (44295/(-4))/3 prime?
True
Let w(m) = -224*m - 9. Let n(r) = -r**2 + 6*r - 10. Let o be n(6). Let c be w(o). Is (-14)/70 + c/5 prime?
False
Let c(t) = -3*t**2 - 15*t - 26. Let p be c(-2). Let k(n) = 16*n**2 + 53*n - 11. Is k(p) prime?
False
Let o = 494701 + -239674. Is o a prime number?
False
Suppose 5179 = 12*h - 26753. Suppose h = 149*q - 146*q. Is q composite?
False
Is ((-381)/(-4))/((-51)/(-8636)) composite?
True
Suppose -776*a = -780*a + 20. Suppose -3*m - 3*k + 1131 = 0, a*k - 199 - 158 = -m. Is m a composite number?
True
Let g = -162235 - -270468. Is g a composite number?
False
Suppose 166*w = 164*w - 30. Is (-1)/w - (-3763452)/495 a prime number?
True
Let h(g) = 6 + 3*g + g**2 + 1 - g + 3*g. Let o be h(-5). Suppose o*n - 9094 = 5*n. Is n a prime number?
True
Suppose 2*q - 1511253 - 449522 = -23*q. Is q prime?
False
Let a(t) be the third derivative of 314*t**5/15 + t**4/12 + t**3/6 + 74*t**2 + 1. Let s(b) = b + 5. Let k be s(-6). Is a(k) a composite number?
True
Is (-9163625)/(-50)*(-4)/(-2) prime?
False
Let h(t) = 15*t**3 + t**2 + 2*t - 4. Let l be h(2). Suppose 0 = l*b - 127*b - 6. Is (-1 - b)/(16/7568) prime?
False
Let b(z) = -z**2 + 12*z - 12. Let d be b(11). Is d/(-2 + (-5115)/(-2559)) a composite number?
False
Let d = -1854055 + 3546452. Is d composite?
True
Let l(k) = -67*k**3 + 7*k**2 + 4*k + 13. Let b(a) = -66*a**3 + 4*a**2 + 4*a + 13. Let r(j) = 3*b(j) - 2*l(j). Is r(-7) composite?
False
Suppose -f - 2*f - 12798 = 3*g, 3*g = -4*f - 12799. Let a = 1236 - g. Is a a composite number?
False
Let c(m) = 3469*m**2 - 43*m - 131. Is c(-3) a composite number?
False
Let d = 701054 + -421171. Is d prime?
True
Suppose 0 = 13*z - 69 + 17. Suppose -3*x + 